{"id":93,"date":"2025-08-05T22:08:35","date_gmt":"2025-08-05T19:08:35","guid":{"rendered":"https:\/\/ozelyazicilar.com\/?page_id=93"},"modified":"2025-08-05T22:10:41","modified_gmt":"2025-08-05T19:10:41","slug":"gizlilik-ve-guvenlik-kosullari","status":"publish","type":"page","link":"https:\/\/ozelyazicilar.com\/index.php\/gizlilik-ve-guvenlik-kosullari\/","title":{"rendered":"Gizlilik ve G\u00fcvenlik Ko\u015fullar\u0131"},"content":{"rendered":"<p style=\"font-weight: 400;\"><strong>Gizlilik ve G\u00fcvenlik Ko\u015fullar\u0131<\/strong><\/p>\n<p>Bu metnin amac\u0131, ziyaret etmekte oldu\u011funuz \u0130nternet sitesi taraf\u0131ndan kullan\u0131lan \u00e7erezlerin cihaz\u0131n\u0131za yerle\u015ftirilmesi arac\u0131l\u0131\u011f\u0131yla otomatik yolla elde edilen ki\u015fisel verilerin i\u015flenmesine ili\u015fkin olarak, hangi ama\u00e7larla hangi t\u00fcr \u00e7erezleri kulland\u0131\u011f\u0131m\u0131z ve bu \u00e7erezleri nas\u0131l y\u00f6netebilece\u011finiz konular\u0131nda sizlere bilgi vermektir. Platform i\u00e7erisinde, hizmetlerin yerine getirilebilmesi i\u00e7in kulland\u0131\u011f\u0131m\u0131z zorunlu \u00e7erezler ile bunlar haricinde kullan\u0131c\u0131lar\u0131n a\u00e7\u0131k r\u0131zalar\u0131na ba\u011fl\u0131 Analitik \u00e7erezler, Reklam \u00e7erezleri, Yerel depolama t\u00fcrlerinde \u00e7erezler yer almaktad\u0131r.<\/p>\n<h2>\u00c7erez Nedir?<\/h2>\n<p>\u00c7erezler, bir \u0130nternet sayfas\u0131 ziyaret edildi\u011finde kullan\u0131c\u0131lara ili\u015fkin birtak\u0131m bilgilerin kullan\u0131c\u0131lar\u0131n terminal cihazlar\u0131nda depolanmas\u0131na izin veren d\u00fc\u015f\u00fck boyutlu zengin metin bi\u00e7imli text formatlar\u0131d\u0131r. \u00c7erezler, bir \u0130nternet sitesini ilk ziyaretiniz s\u0131ras\u0131nda taray\u0131c\u0131n\u0131z arac\u0131l\u0131\u011f\u0131yla cihaz\u0131n\u0131za depolanabilir ve ayn\u0131 siteyi ayn\u0131 cihazla tekrar ziyaret etti\u011finizde, taray\u0131c\u0131n\u0131z cihaz\u0131n\u0131zda site ad\u0131na kay\u0131tl\u0131 bir \u00e7erez olup olmad\u0131\u011f\u0131n\u0131 kontrol eder. E\u011fer kay\u0131t var ise, kayd\u0131n i\u00e7indeki veriyi ziyaret etmekte oldu\u011funuz \u0130nternet sitesine iletir. Bu sayede \u0130nternet sitesi, sizin daha \u00f6nceki ziyaretinizi tespit eder ve size iletilecek i\u00e7eri\u011fi ona g\u00f6re belirler.<\/p>\n<h2>\u00c7erezler Neden Kullan\u0131l\u0131r?<\/h2>\n<p>\u00c7erezler, \u0130nternet sitesinin daha verimli \u00e7al\u0131\u015fmas\u0131 ve kullan\u0131c\u0131lar\u0131n\u0131n ki\u015fisel ihtiya\u00e7lar\u0131na daha uygun hizmet sunulmas\u0131 ama\u00e7lar\u0131yla kullan\u0131lmaktad\u0131r. Kullanmakta oldu\u011fumuz \u00e7erezler, bilgilerin toplanmas\u0131, \u0130nternet sitemizin i\u015flevselli\u011fini ve performans\u0131n\u0131 art\u0131r\u0131lmas\u0131, kullan\u0131c\u0131 deneyiminin iyile\u015ftirilmesi ve yasal y\u00fck\u00fcml\u00fcl\u00fcklerin yerine getirilmesi gibi i\u015flevleri yerine getirmektedir. Bunlar\u0131n yan\u0131 s\u0131ra, kullanmakta oldu\u011fumuz \u00e7erezler sayesinde:<\/p>\n<ul>\n<li>Oturum bilgileriniz korunur ve g\u00fcvenli\u011finiz sa\u011flan\u0131r.<\/li>\n<li>Site i\u00e7i deneyiminiz iyile\u015ftirilir ve h\u0131zland\u0131r\u0131l\u0131r.<\/li>\n<li>Tercihleriniz hat\u0131rlanarak size \u00f6zel i\u00e7erikler sunulur.<\/li>\n<li>Site kullan\u0131m\u0131na ili\u015fkin analiz yap\u0131larak hizmet kalitesi art\u0131r\u0131l\u0131r.<\/li>\n<\/ul>\n<h2>Kullan\u0131lan \u00c7erez T\u00fcrleri ve Kullan\u0131m Ama\u00e7lar\u0131<\/h2>\n<h3>Analitik \u00e7erezler<\/h3>\n<p>Analitik \u00e7erezler, kullan\u0131c\u0131lar\u0131n davran\u0131\u015flar\u0131n\u0131n analiz edilebilmesi amac\u0131yla istatistiki \u00f6l\u00e7\u00fcmler yap\u0131lmas\u0131na olanak tan\u0131yan \u00e7erezlerdir. Bu \u00e7erezler, \u0130nternet sitesinin performans\u0131n\u0131n ve sunulan hizmetin kalitesinin art\u0131r\u0131lmas\u0131 ama\u00e7lar\u0131yla kullan\u0131lmaktad\u0131r.<\/p>\n<h3>Reklam \u00c7erezleri<\/h3>\n<p>Reklam \u00e7erezleri, \u0130nternet sitesi arac\u0131l\u0131\u011f\u0131yla reklam ortaklar\u0131n\u0131n yerle\u015ftirdikleri \u00e7erezler olup, sorumluluklar\u0131 yerle\u015ftiren \u00fc\u00e7\u00fcnc\u00fc taraflara aittir. Bu \u00e7erezler, \u00fc\u00e7\u00fcnc\u00fc taraflarca kullan\u0131c\u0131lar\u0131n ilgi alanlar\u0131na g\u00f6re profillerinin \u00e7\u0131kar\u0131lmas\u0131 ve uygun reklam i\u00e7eriklerinin belirlenerek g\u00f6sterilmesi ama\u00e7lar\u0131yla kullan\u0131lmaktad\u0131r.<\/p>\n<h3>Yerel depolama<\/h3>\n<p>Yerel depolama, \u0130nternet taray\u0131c\u0131lar\u0131nda veri saklamak i\u00e7in kullan\u0131lan bir teknolojidir. Bu sistem, kullan\u0131c\u0131lar\u0131n tercihlerini hat\u0131rlamak, oturum bilgilerini saklamak ve \u0130nternet sitesinin performans\u0131n\u0131 art\u0131rmak ama\u00e7lar\u0131yla kullan\u0131lmaktad\u0131r. \u00c7erezlerden farkl\u0131 olarak, bu veriler otomatik olarak sunucuya g\u00f6nderilmez.<\/p>\n<h3>Zorunlu \u00c7erezler<\/h3>\n<p>Zorunlu \u00e7erezler, bir \u0130nternet sitesinin \u00e7al\u0131\u015fmas\u0131 i\u00e7in gerekli olan \u00e7erezlerdir. Bu \u00e7erezler, kullan\u0131c\u0131n\u0131n talep etmi\u015f oldu\u011fu bir bilgi toplama hizmetinin (log-in olma, form doldurma, gizlilik tercihlerinin hat\u0131rlanmas\u0131 gibi) yerine getirilebilmesi i\u00e7in zorunlu olarak kullan\u0131lmaktad\u0131rlar. Pazarlama amac\u0131 ta\u015f\u0131mayan zorunlu \u00e7erezlerin engellenmesi halinde, \u0130nternet sitesinin baz\u0131 b\u00f6l\u00fcmleri \u00e7al\u0131\u015fmayaca\u011f\u0131ndan, \u0130nternet sitesi kendisinden beklenen fonksiyonu yerine getiremeyecektir.<\/p>\n<h2>\u00c7erez Y\u00f6netimi<\/h2>\n<p>Taray\u0131c\u0131 ayarlar\u0131n\u0131zdan \u00e7erez tercihlerinizi istedi\u011finiz zaman de\u011fi\u015ftirebilirsiniz. \u00c7erezleri tamamen devre d\u0131\u015f\u0131 b\u0131rakabilir veya belirli t\u00fcrdeki \u00e7erezlere izin verebilirsiniz. \u00c7o\u011fu taray\u0131c\u0131, varsay\u0131lan olarak \u00e7erezleri kabul edecek \u015fekilde ayarlanm\u0131\u015ft\u0131r, ancak taray\u0131c\u0131n\u0131z\u0131n ayarlar\u0131n\u0131 de\u011fi\u015ftirerek \u00e7erezleri reddedebilir veya \u00e7erez g\u00f6nderildi\u011finde uyar\u0131 verecek \u015fekilde ayarlayabilirsiniz. Daha fazla bilgi i\u00e7in\u00a0mail@example.com\u00a0adresinden bize ula\u015fabilirsiniz.<\/p>\n<h2>Taray\u0131c\u0131 Ayarlar\u0131<\/h2>\n<p>Kullan\u0131c\u0131lar \u00e7erez y\u00f6netim paneli \u00fczerinden, \u0130nternet sitemizde kullan\u0131lan \u00e7erez \u00e7e\u015fitlerini g\u00f6rebilmekte ve Zorunlu \u00c7erezler d\u0131\u015f\u0131nda kalan t\u00fcm \u00e7erezler i\u00e7in tercihlerini belirleyebilmektedirler. Pop\u00fcler taray\u0131c\u0131lar\u0131n \u00e7erez ayarlar\u0131n\u0131 de\u011fi\u015ftirmek i\u00e7in a\u015fa\u011f\u0131daki ba\u011flant\u0131lar\u0131 kullanabilirsiniz:<\/p>\n<ul>\n<li>Google Chrome: chrome:\/\/settings\/cookies<\/li>\n<li>Mozilla Firefox: about:preferences#privacy<\/li>\n<li>Safari: Tercihler &gt; Gizlilik<\/li>\n<li>Microsoft Edge: edge:\/\/settings\/privacy<\/li>\n<li>Opera: opera:\/\/settings\/privacy<\/li>\n<\/ul>\n<h2>G\u00fcncellemeler<\/h2>\n<p>Bu \u00c7erez Politikas\u0131, gerekti\u011finde g\u00fcncellenir. De\u011fi\u015fiklikler yay\u0131nland\u0131\u011f\u0131 anda y\u00fcr\u00fcrl\u00fc\u011fe girer.<\/p>\n<p>Son g\u00fcncelleme tarihi:\u00a0<strong>25 Mart 2025<\/strong><\/p>\n","protected":false},"excerpt":{"rendered":"<p>Gizlilik ve G\u00fcvenlik Ko\u015fullar\u0131 Bu metnin amac\u0131, ziyaret etmekte oldu\u011funuz \u0130nternet sitesi taraf\u0131ndan kullan\u0131lan \u00e7erezlerin cihaz\u0131n\u0131za yerle\u015ftirilmesi arac\u0131l\u0131\u011f\u0131yla otomatik yolla elde edilen ki\u015fisel verilerin i\u015flenmesine ili\u015fkin olarak, hangi ama\u00e7larla hangi t\u00fcr \u00e7erezleri kulland\u0131\u011f\u0131m\u0131z ve bu \u00e7erezleri nas\u0131l y\u00f6netebilece\u011finiz konular\u0131nda sizlere bilgi vermektir. Platform i\u00e7erisinde, hizmetlerin yerine getirilebilmesi i\u00e7in kulland\u0131\u011f\u0131m\u0131z zorunlu \u00e7erezler ile bunlar haricinde kullan\u0131c\u0131lar\u0131n&#8230;<\/p>\n","protected":false},"author":1,"featured_media":0,"parent":0,"menu_order":0,"comment_status":"closed","ping_status":"closed","template":"","meta":{"_kad_post_transparent":"default","_kad_post_title":"default","_kad_post_layout":"default","_kad_post_sidebar_id":"","_kad_post_content_style":"default","_kad_post_vertical_padding":"default","_kad_post_feature":"","_kad_post_feature_position":"","_kad_post_header":false,"_kad_post_footer":false,"footnotes":""},"class_list":["post-93","page","type-page","status-publish","hentry"],"_links":{"self":[{"href":"https:\/\/ozelyazicilar.com\/index.php\/wp-json\/wp\/v2\/pages\/93","targetHints":{"allow":["GET"]}}],"collection":[{"href":"https:\/\/ozelyazicilar.com\/index.php\/wp-json\/wp\/v2\/pages"}],"about":[{"href":"https:\/\/ozelyazicilar.com\/index.php\/wp-json\/wp\/v2\/types\/page"}],"author":[{"embeddable":true,"href":"https:\/\/ozelyazicilar.com\/index.php\/wp-json\/wp\/v2\/users\/1"}],"replies":[{"embeddable":true,"href":"https:\/\/ozelyazicilar.com\/index.php\/wp-json\/wp\/v2\/comments?post=93"}],"version-history":[{"count":3,"href":"https:\/\/ozelyazicilar.com\/index.php\/wp-json\/wp\/v2\/pages\/93\/revisions"}],"predecessor-version":[{"id":96,"href":"https:\/\/ozelyazicilar.com\/index.php\/wp-json\/wp\/v2\/pages\/93\/revisions\/96"}],"wp:attachment":[{"href":"https:\/\/ozelyazicilar.com\/index.php\/wp-json\/wp\/v2\/media?parent=93"}],"curies":[{"name":"wp","href":"https:\/\/api.w.org\/{rel}","templated":true}]}}